{"id":1265,"date":"2018-04-02T18:49:00","date_gmt":"2018-04-02T16:49:00","guid":{"rendered":"http:\/\/www.hokisushi-gennevilliers.com\/?page_id=1265"},"modified":"2022-04-29T15:11:35","modified_gmt":"2022-04-29T13:11:35","slug":"acces-contact","status":"publish","type":"page","link":"https:\/\/www.hokisushi-gennevilliers.com\/index.php\/acces-contact\/","title":{"rendered":"ACCES \/ CONTACT"},"content":{"rendered":"<p>HOKI SUSHI GENNEVILLIERS<br \/>\n32, rue Henri Barbusse<br \/>\n92230 GENNEVILLIERS<\/p>\n<p>01 40 86 30 98<br \/>\n(en cas de saturation : 06 35 28 26 50)<\/p>\n<p>Ouvert du lundi au samedi de 12h \u00e0 15h et de 19h \u00e0 23h<br \/>\nFerm\u00e9 le dimanche<\/p>\n<p>Terrasse d&#8217;\u00e9t\u00e9<\/p>\n<p>&nbsp;<\/p>\n<p><iframe loading=\"lazy\" style=\"border: 0px currentColor;\" src=\"https:\/\/www.google.com\/maps\/embed?pb=!1m18!1m12!1m3!1d10487.079718835091!2d2.289605368073796!3d48.91977547929357!2m3!1f0!2f0!3f0!3m2!1i1024!2i768!4f13.1!3m3!1m2!1s0x47e66f43d31f1c8d%3A0xd568c0ea9b5e4c87!2s32+Rue+Henri+Barbusse%2C+92230+Gennevilliers!5e0!3m2!1sfr!2sfr!4v1523197800512\" width=\"600\" height=\"450\" frameborder=\"0\" allowfullscreen=\"allowfullscreen\"><\/iframe><\/p>\n","protected":false},"excerpt":{"rendered":"<p>HOKI SUSHI GENNEVILLIERS 32, rue Henri Barbusse 92230 GENNEVILLIERS 01 40 86 30 98 (en cas de saturation : 06 35 28 26 50) Ouvert du lundi au samedi de 12h \u00e0 15h et de 19h \u00e0 23h Ferm\u00e9 le<\/p>\n","protected":false},"author":1,"featured_media":1521,"parent":0,"menu_order":0,"comment_status":"closed","ping_status":"closed","template":"","meta":{"footnotes":""},"class_list":["post-1265","page","type-page","status-publish","has-post-thumbnail","hentry"],"_links":{"self":[{"href":"https:\/\/www.hokisushi-gennevilliers.com\/index.php\/wp-json\/wp\/v2\/pages\/1265","targetHints":{"allow":["GET"]}}],"collection":[{"href":"https:\/\/www.hokisushi-gennevilliers.com\/index.php\/wp-json\/wp\/v2\/pages"}],"about":[{"href":"https:\/\/www.hokisushi-gennevilliers.com\/index.php\/wp-json\/wp\/v2\/types\/page"}],"author":[{"embeddable":true,"href":"https:\/\/www.hokisushi-gennevilliers.com\/index.php\/wp-json\/wp\/v2\/users\/1"}],"replies":[{"embeddable":true,"href":"https:\/\/www.hokisushi-gennevilliers.com\/index.php\/wp-json\/wp\/v2\/comments?post=1265"}],"version-history":[{"count":5,"href":"https:\/\/www.hokisushi-gennevilliers.com\/index.php\/wp-json\/wp\/v2\/pages\/1265\/revisions"}],"predecessor-version":[{"id":1696,"href":"https:\/\/www.hokisushi-gennevilliers.com\/index.php\/wp-json\/wp\/v2\/pages\/1265\/revisions\/1696"}],"wp:featuredmedia":[{"embeddable":true,"href":"https:\/\/www.hokisushi-gennevilliers.com\/index.php\/wp-json\/wp\/v2\/media\/1521"}],"wp:attachment":[{"href":"https:\/\/www.hokisushi-gennevilliers.com\/index.php\/wp-json\/wp\/v2\/media?parent=1265"}],"curies":[{"name":"wp","href":"https:\/\/api.w.org\/{rel}","templated":true}]}}